{"id":6,"date":"2019-12-16T00:26:41","date_gmt":"2019-12-15T23:26:41","guid":{"rendered":"http:\/\/neonoise.de\/?page_id=6"},"modified":"2019-12-16T01:19:42","modified_gmt":"2019-12-16T00:19:42","slug":"neo-noise","status":"publish","type":"page","link":"https:\/\/neonoise.de\/","title":{"rendered":"Neo Noise"},"content":{"rendered":"\n<p>Mein Name ist Michael Pfirrmann, ich bin Musiker und Audio Engineer. Von 2009 bis 2019 habe ich das Tonstudio Klangkomplex in L\u00fcbeck betrieben. Dies ist eine Website \u00fcber meine unterschiedlichen Projekte, aber auch allgemein \u00fcber Musikproduktion, Synthesizer, Fotografie, Astronomie, Physik und Politik. Also \u00fcber alles, womit ich mich besch\u00e4ftige und was ich interessant und inspirierend finde. Diese Seite befindet im Aufbau, so dass es mit The Great One von <a href=\"http:\/\/www.lightshifters.de\/\" target=\"_blank\" rel=\"noreferrer noopener\" aria-label=\"Lightshifters (\u00f6ffnet in neuem Tab)\">Lightshifters<\/a> zun\u00e4chst erstmal nur eines unser letzten Videos zu sehen gibt. Wir starten dann 2020 neu!<\/p>\n\n\n\n<figure class=\"wp-block-embed-youtube wp-block-embed is-type-video is-provider-youtube wp-embed-aspect-16-9 wp-has-aspect-ratio\"><div class=\"wp-block-embed__wrapper\">\n<iframe title=\"Lightshifters - The Great One (Lyric Video)\" width=\"869\" height=\"489\" src=\"https:\/\/www.youtube.com\/embed\/lbUk8G2JHcU?feature=oembed\" frameborder=\"0\" allow=\"accelerometer; autoplay; encrypted-media; gyroscope; picture-in-picture\" allowfullscreen><\/iframe>\n<\/div><\/figure>\n","protected":false},"excerpt":{"rendered":"<p>Mein Name ist Michael Pfirrmann, ich bin Musiker und Audio Engineer. Von 2009 bis 2019 habe ich das Tonstudio Klangkomplex in L\u00fcbeck betrieben. Dies ist eine Website \u00fcber meine unterschiedlichen Projekte, aber auch allgemein \u00fcber Musikproduktion, Synthesizer, Fotografie, Astronomie, Physik und Politik. Also \u00fcber alles, womit ich mich besch\u00e4ftige und was ich interessant und inspirierend&hellip;<\/p>\n","protected":false},"author":1,"featured_media":0,"parent":0,"menu_order":0,"comment_status":"closed","ping_status":"closed","template":"","meta":[],"_links":{"self":[{"href":"https:\/\/neonoise.de\/index.php?rest_route=\/wp\/v2\/pages\/6"}],"collection":[{"href":"https:\/\/neonoise.de\/index.php?rest_route=\/wp\/v2\/pages"}],"about":[{"href":"https:\/\/neonoise.de\/index.php?rest_route=\/wp\/v2\/types\/page"}],"author":[{"embeddable":true,"href":"https:\/\/neonoise.de\/index.php?rest_route=\/wp\/v2\/users\/1"}],"replies":[{"embeddable":true,"href":"https:\/\/neonoise.de\/index.php?rest_route=%2Fwp%2Fv2%2Fcomments&post=6"}],"version-history":[{"count":5,"href":"https:\/\/neonoise.de\/index.php?rest_route=\/wp\/v2\/pages\/6\/revisions"}],"predecessor-version":[{"id":19,"href":"https:\/\/neonoise.de\/index.php?rest_route=\/wp\/v2\/pages\/6\/revisions\/19"}],"wp:attachment":[{"href":"https:\/\/neonoise.de\/index.php?rest_route=%2Fwp%2Fv2%2Fmedia&parent=6"}],"curies":[{"name":"wp","href":"https:\/\/api.w.org\/{rel}","templated":true}]}}